be l(5). Let d = -20 + 23. Suppose h*i - 14 = d*i. What is the units digit of i?
4
Let x = -2 - -2. Let p = 5 + -3. Suppose 4*m - 23 = -a, x*m + 5*a = -p*m + 25. What is the units digit of m?
5
Let y(r) = 2*r - 10. Let f be y(8). Suppose -4*u - 2*o = f - 142, 0 = -u - 2*o + 37. What is the units digit of (-1)/4 - u/(-4)?
8
Suppose c - 2*r + 4 = 0, 0 = -4*c + c - 2*r + 4. Suppose -x = -c - 1. What is the units digit of x?
1
Suppose -8*z = 3*m - 4*z - 263, -2*z = 4*m - 364. What is the units digit of m?
3
Let c(l) = -l**2 - 8*l - 6. Let o be c(-7). Let y be 4 + ((-3)/3)/o. Suppose y*f - 35 = -2*f. What is the units digit of f?
7
Suppose r = -5 + 21. What is the units digit of r?
6
Suppose -3*w = w. Let l(g) = -g**2 + 11*g + 4. Let u be l(11). Suppose w*o + 2*o - 38 = -4*k, u*o = -2*k + 46. What is the units digit of o?
9
Let w(y) = -6*y**3 + y**2 + y - 1. Let v be w(1). Suppose -2*s = 4*a - 6, s - 6*s + 3 = 4*a. What is the units digit of v/(-2) + s/(-2)?
3
Suppose 2*p - 4 = -4*s, -p - 3*s - 2 = -4. Let r be 1/3*p*-18. Let z = 21 + r. What is the units digit of z?
9
Let t = -155 + 238. What is the tens digit of t?
8
Let z = -1 + 4. Let h = z - -2. Suppose -h*o + 2 = -33. What is the units digit of o?
7
Let p(g) = g**2 + 3. Let k be p(0). Suppose 5*n + 57 = 2*f + 8, -k*f + 2*n + 57 = 0. What is the tens digit of f?
1
Let m be -14*(-1)/(-2 - -4). Let u(c) = c**2 - 5*c**2 - 7*c + 9 + 5*c**2. What is the units digit of u(m)?
9
Let w(r) = 54*r + 3. What is the tens digit of w(2)?
1
Let l(g) = g**3 - 4*g**2 + g - 2. Let w be l(3). Let z = -5 - w. What is the units digit of (-54)/4*(-2)/z?
9
Let k(a) = a**2 - 5*a + 4. Let u be k(5). Let q(i) = i**2 - 3*i + 9. Let c be q(6). Suppose x = u*x - c. What is the units digit of x?
9
Let z(y) = y**3 + 2*y**2 - 2*y - 3. Let w be z(-2). Let p be w/((-4)/2 - -1). What is the units digit of (-8)/(0 + p - 0)?
8
Let i(c) = c - 5. Let g be i(6). Suppose 2*v + g = j, -2*v + 3*j + 7 + 2 = 0. Let u = v - -6. What is the units digit of u?
3
Suppose 9 = -2*m - 0*h + h, -21 = m + 5*h. Let x be (-2)/m - 226/(-6). Suppose 3*j - 2*o = -4*o + 31, 4*j = -o + x. What is the units digit of j?
9
Suppose 0*f = f - 4. Suppose -3*i + 8 = -3*y + 2, y + f*i = -22. Let x(r) = -r - 4. What is the units digit of x(y)?
2
Suppose -4*v + 3*i + 594 = 0, 4*v + 5*i = 3*v + 137. What is the tens digit of v?
4
Suppose -2*n + 870 = 5*m - 7*n, -5*m + 874 = -4*n. What is the units digit of m?
8
Let w(t) = 2*t**2 - 8*t - 6. Let b be w(-5). Let d be (-1)/((-2)/b*2). Suppose 3*l = -0*l + d. What is the units digit of l?
7
Let b = -7 - -12. What is the units digit of b?
5
Suppose -7*t + 204 = -5*t. What is the hundreds digit of t?
1
What is the tens digit of (-178)/(-8)*18 + 23/(-46)?
0
Let a be 8/(-6)*9/(-6). Let h(u) = u**2 - 2*u + 2. Let t be h(a). What is the units digit of t/(4/10) - -1?
6
What is the units digit of ((-12)/8)/((-9)/(-4056)*-2)?
8
Suppose 21*i + 876 = 25*i. What is the tens digit of i?
1
Let k(x) = -x**2 - 10*x - 9. Let c = 7 - 14. Let q be k(c). Suppose q = -0*r + 4*r. What is the units digit of r?
3
Suppose 59 = -4*q + 251. Suppose 5*g + 207 = -q. What is the tens digit of -1*2/(6/g)?
1
Suppose 0 = -4*w + 4*d + 124, 3*w + d - 97 = -0*d. What is the tens digit of w?
3
Let t be 0/(5/(5/(-2))). Suppose t*r + 27 = r + 5*b, -2*r - 2*b = -54. What is the units digit of r?
7
What is the units digit of 50/(-20)*(-124)/5?
2
Suppose d + 893 = 5*x - 0*d, -3*d = -5*x + 889. What is the tens digit of x?
7
Let g(r) = -3*r - r - 5 + 1 + 3. What is the tens digit of g(-4)?
1
Let a be 20/3 + 4/(-6). Suppose a + 2 = x. Suppose -s + 5*f = x, -f = 1 - 3. What is the units digit of s?
2
Suppose -x = x + 88. Let w = 74 + x. Suppose -b - b = -w. What is the units digit of b?
5
Suppose -4*n - 2*l - 34 = 0, -4*n - 35 = -3*l - 6. Let g = -2 - 3. Let o = g - n. What is the units digit of o?
3
Suppose 42 = -i + 4*i. What is the units digit of (-4)/i + (-30)/(-7)?
4
Suppose 3*u = -6, 2*u - 86 = -4*c + 390. What is the units digit of c?
0
Let b(u) = -u**2 + 9*u - 11. Let n be b(8). Let p = n - -8. Let s = p - 3. What is the units digit of s?
2
Suppose 0 = -6*f - 65 + 287. What is the tens digit of f?
3
Let t(u) = -2 + 5*u - 5*u + u. Let h be t(2). What is the units digit of (h + -1)*0 + 2?
2
Let s(n) = 0*n**3 + n + 1 - 9*n**3 + 0*n**3 - n**2 + 0*n**2. Let r be s(-1). Suppose 0 = -2*j + r - 2. What is the units digit of j?
3
Let r(x) = -44*x - 68. What is the units digit of r(-11)?
6
What is the units digit of (-295)/(-9) - (-6)/27?
3
Let i = 76 - 25. What is the tens digit of i?
5
Let o = -21 - -67. What is the tens digit of o?
4
Suppose 0 = -0*x + 5*x - 30. What is the units digit of (3/9)/(1/x)?
2
Let l = 7 + -5. Let u be 15*(2/3)/l. Suppose -5*d = -3*i - 48, i - 1 + 47 = u*d. What is the units digit of d?
9
Suppose 4*f - 5*c + 8 = 0, -2*c = 3*f - 0*f + 6. Let n = f - -7. What is the units digit of n?
5
Let x(u) = -u**2 + u + 4. Let r be x(-4). What is the units digit of (-4)/r + 47/4?
2
Let y be -5*((-8)/(-5) - 2). Suppose -10 = -y*f - 3*f. Suppose f*t - 3 = 25. What is the units digit of t?
4
Let h(l) = l - 6. Let n be h(5). What is the tens digit of n/2*4 + 22?
2
Suppose -3*a + 4 = 4*h + 1, 4 = 4*a - 2*h. Let n be a*-1 - (3 + -12). Suppose k + 0 = f - n, 4*f + 3*k = 25. What is the units digit of f?
7
Let l = -9 + 14. Let x(m) = -2*m + 12. What is the units digit of x(l)?
2
Suppose -7*x + 2*x + 65 = 0. Let v = x + -7. Suppose -2*f = -5*q - 9 - 4, -f + 5*q = v. What is the tens digit of f?
1
What is the tens digit of (2/(-8) + (-23)/4)*-5?
3
Suppose 5*o + 0*o + 5*h = 45, -4*h = o. Suppose -7*l = -5*l - o. What is the units digit of l?
6
What is the hundreds digit of (3 + 1 + -7)*89/(-1)?
2
Let v(r) = -r**3 - 4*r**2 + 3. Let a be v(-4). Suppose -a*w = 3*b - 60, 3*b - 7*w - 60 = -3*w. What is the units digit of b?
0
Suppose -5*t = -5*y + 9 + 1, -5*y = 4*t + 17. Let l be (2/3)/((-1)/(-3)). What is the units digit of -2*(l + y + -3)?
4
Suppose -3*x = -19 - 17. Suppose x*z - 16*z + 40 = 0. What is the tens digit of z?
1
Let g = 1 + -5. Let w = -2 - g. Suppose h - w*h = -7. What is the units digit of h?
7
Let q(a) = 3*a + a + 0*a - 5*a + 4. Let t be q(5). What is the units digit of 9/(-2*t/2)?
9
Let s(m) be the third derivative of -m**6/20 - m**5/30 - m**4/24 - 2*m**2. What is the units digit of s(-1)?
5
Let j(z) = 3 - 5 + 6 + 12*z**2 - 3. Let x be (-5)/10*(1 - 3). What is the tens digit of j(x)?
1
Suppose 5*n - 4*t - 566 = 386, 925 = 5*n + 5*t. What is the tens digit of n?
8
Suppose 2*u + 0 - 16 = 0. Suppose -12 = -5*z + u. Suppose 0*t = -z*t + 48. What is the tens digit of t?
1
Let t(w) be the first derivative of -w**2/2 + 17*w + 2. What is the units digit of t(10)?
7
What is the units digit of 39 + (4 + -5 - -3)?
1
Let j(x) = 9*x**2 + x - 2. What is the tens digit of j(-2)?
3
Let v = -46 + 83. What is the tens digit of v?
3
Suppose 0 = -4*l - 3 + 19. What is the units digit of l?
4
Suppose -3*g = -3*y + 459, -2*g = -9 + 7. What is the units digit of y?
4
Let n = -8 + 10. Suppose -2*l + j = -1, 2*j + 0*j = -n*l + 10. Suppose 0 = l*d + 2*d - 12. What is the units digit of d?
3
Let y be (-3)/(-2 - 3/(-6)). Suppose -2*f - 3*f + 21 = y*p, 70 = 5*p - 5*f. What is the tens digit of p?
1
Let w(u) = 49*u - 33. What is the tens digit of w(5)?
1
Suppose 40 = -6*w + w. Let n = -5 - w. What is the units digit of -1*-1*n/1?
3
Suppose 6*h - 35 = 5*h. What is the tens digit of h?
3
What is the tens digit of (138/(-21))/((-3)/21)?
4
Let t(i) = -i**3 + i**2 + 2*i - 3. Let g be t(2). Let k(a) = -2*a - 4. Let v be k(g). Suppose 3*d = -9, -42 = -5*s - v*d + d. What is the units digit of s?
9
Let x(c) = c**3 + 2*c + 111. What is the units digit of x(0)?
1
Let p(q) be the third derivative of q**4/24 - q**3 + 6*q**2. What is the units digit of p(7)?
1
Let m = -135 + 197. What is the tens digit of m?
6
Let m(w) = -22*w - 48. What is the units digit of m(-9)?
0
Let q(o) = 2*o**3 - 7*o**2 - 4*o + 2. Let g be q(4). Suppose 2*t - g*k - 47 = t, 3*t - 3*k = 126. What is the tens digit of t?
3
Suppose 3*g - 249 - 234 = 0. What is the hundreds digit of g?
1
Suppose -3 - 3 = -2*d, 4*d + 213 = 3*x. What is the tens digit of x?
7
Let o = -15 - -52. What is the tens digit of o?
3
Suppose -4